ate -5 + 2 - 1 - -1.
-3
Calculate -17 - (1 - (4 - -6)).
-8
Calculate 1 + -5 + (-8 - (-24 - -18)).
-6
27 + -23 + -2 + 0
2
-3 - (6 - (4 - 0))
-5
Calculate -2 + (4 - 12) + 10.
0
What is -2 - (-3 + (-13 - -24))?
-10
Evaluate 5 + -1 + 1 - (66 - 65).
4
Evaluate (2 + -2 - 5) + (1 - -5).
1
Evaluate -2 + -1 + -2 - (-4 - -3).
-4
Calculate (3 - -2) + -5 + 4 + 0.
4
What is -2 + (-9 - -2) + 13?
4
What is -2 + 1 + (-4 - -4) + -1?
-2
Calculate (-13 - -10) + 0 + -1 - -3.
-1
Evaluate -8 + 7 + (9 - 3).
5
-10 + 11 + (-1 - 2)
-2
What is -1 + 3 - (9 - 9) - -2?
4
Evaluate 3 - (0 + -3 + -6 + 10).
2
1 + -6 + 9 + -8
-4
Calculate (-3 - 9) + 10 + (0 - -9).
7
Evaluate 2 - 2 - (-8 + -8 + 9).
7
Calculate (5 - (-1 - -6)) + 0 - 4.
-4
-5 - (5 - (4 - -2 - -1))
-3
Calculate 1 + 0 + 2 + (3 - 2).
4
Evaluate (-2 + 7 - -5) + -10.
0
Calculate 2 + -2 + 3 - (5 + -1).
-1
What is (4 - 2) + (-1 - (1 - 5))?
5
What is the value of 4 + (1 - (-4 + 3))?
6
What is the value of 2 - (1 + 2) - (2 - -2)?
-5
What is the value of (4 - -4) + -2 + -5?
1
Calculate 22 + (-24 - (-3 + -6)).
7
What is the value of 9 + (-2 - -7) + -6?
8
What is (4 - 2 - 5) + 10 - 15?
-8
(-1 - (3 + -4)) + -3
-3
Evaluate 9 + -2 + (0 - 3 - -1).
5
(-1 - 0) + (4 - 5)
-2
What is the value of 2 + 3 - -1 - (1 - -8)?
-3
What is the value of (-4 - 4 - -5) + (-1 - 1)?
-5
What is the value of -4 + 6 + -1 - -3?
4
Evaluate -4 + (8 - 7) + 1 + -1.
-3
-6 + -2 + -5 + 8
-5
What is (6 - -1) + 0 + 44 + -47?
4
What is -3 + -2 - (2 + -4)?
-3
-4 + (3 - -2) + -17 + 18
2
What is the value of 5 + -1 + (-8 - (-5 - -2))?
-1
What is the value of -3 + -1 + 6 + 3 + -4?
1
(-2 - 0 - (-5 + 2)) + -4
-3
-8 - (2 + -2 + -3)
-5
Calculate -5 - (16 + -7 - 7 - 1).
-6
Calculate 1 + 2 - 1 - (3 - -1).
-2
Calculate (0 - (-5 - -7)) + 6.
4
(-10 - (3 - 7)) + 7
1
(3 - 1) + 11 + 10 + -25
-2
0 - (-4 - (-2 + 3))
5
Calculate -2 - 0 - (-24 + 18).
4
1 - 0 - (-3 + 1)
3
What is 3 - (-2 + 1 - -1)?
3
Calculate -15 + 16 + -1 + (1 - 0).
1
Calculate -6 + (17 + -3 - 12).
-4
Evaluate -4 - 0 - (7 - 4).
-7
What is the value of 0 - -1 - (-10 - -6)?
5
Calculate -1 - -10 - (9 - 2).
2
Evaluate -8 - (-13 - (14 + -29)).
-10
Calculate -4 + -1 - (1 - 3 - 2).
-1
Evaluate -5 + -4 + 18 + -5.
4
Calculate -6 - (-12 - (2 + -4)).
4
Calculate (-8 - 1 - -3) + 0.
-6
0 + 2 + 0 + 77 + -71
8
What is the value of 3 + (-34 - -30) + 1 + 5?
5
Evaluate 0 + 3 + -7 + 4 + 4.
4
What is -1 + 4 + 1 - (28 - 28)?
4
What is 0 + -4 - (-19 + 8)?
7
(4 - 0) + -2 + -2 + 0
0
Calculate 0 - (4 - 4) - -9.
9
Evaluate -1 - (5 + (-2 - (1 + 2))).
-1
-35 + 38 + (0 - 6)
-3
Calculate (0 - -6) + -9 - -6.
3
What is the value of -3 - ((4 - 3) + 0)?
-4
What is 4 + (-8 - (1 + -2))?
-3
What is 3 + (-9 - -2) - 1?
-5
What is the value of -5 + (-1 - 2) + 6 - -3?
1
Evaluate 2 - (7 + 4 + -15) - 4.
2
-5 + (-6 - -5 - -6)
0
What is the value of 2 + -3 + 4 - -1?
4
What is the value of 3 - -1 - (-24 + 23)?
5
Evaluate -3 - (4 - (-6 + 8)).
-5
0 + -4 + -7 + 12
1
What is the value of -6 + 3 + -4 + 12 + -10?
-5
-4 + (13 - 2) - (1 + 7)
-1
What is -6 + (0 - -1) + 3?
-2
Evaluate (5 - 13) + -1 + 3 + 2.
-4
Calculate -4 - (-3 - 1 - 4).
4
Calculate 0 + -9 - (38 + -49).
2
-2 + 1 - (-23 + 23)
-1
What is the value of -6 + 7 + 1 + -7?
-5
Evaluate -1 - -1 - 0 - (29 + -34).
5
Calculate 18 + -5 + -6 - 5.
2
(-3 + 4 - 1) + 2 - 2
0
What is the value of 0 + -21 + 12 + 11?
2
What is the value of (-10 - (-11 - -7)) + 4?
-2
What is (0 - 0) + (-39 - -38)?
-1
What is -32 + 28 + (0 - -2)?
-2
What is (0 + 3 - 3) + 1?
1
Evaluate -5 - (8 - (13 + 6)).
6
What is (-17 - -5) + 17 + -6?
-1
-23 - -12 - (3 + -9)
-5
What is 1 + -1 + 3 + -4 + -1?
-2
Calculate -14 + (4 - -12) - (-7 - -1).
8
Calculate 1 - (4 + -4) - 1.
0
What is the value of (-8 - -4) + 9 - 3?
2
Evaluate -9 + 5 + 7 + -3.
0
What is -1 - (5 - (-1 + 2) - 1)?
-4
-2 - (-4 + -4 + -5 + 5)
6
What is the value of -5 - (0 + -7) - 4?
-2
4 - (3 + -2) - (-15 + 20)
-2
Evaluate (1 - (-5 - -2)) + -1 + -9.
-6
-4 + 3 + -4 + 1 + -1
-5
-1 + (5 - (5 - 6))
5
Evaluate (6 + -2 - (-9 + 11)) + -1.
1
2 - (-2 - -1) - (2 - -2)
-1
Calculate (3 - 7 - -11) + -9.
-2
Calculate 4 + 0 + 8 + -12.
0
Calculate -2 + 5 + -12 + 2 - -14.
7
What is (-15 - -15 - (1 - -2)) + 3?
0
Calculate (8 + -2 - 10) + 1.
-3
-4 + (6 - 1 - 5)
-4
What is 3 + -2 + 0 - (-4 + 1)?
4
(-3 - (1 - 1)) + (-3 - -4)
-2
What is the value of -12 - -15 - (2 + 3 + -1)?
-1
What is the value of 6 + -1 + -4 + 2 + -10?
-7
Evaluate -4 + 1 + (3 + -8 - -11).
3
Calculate -3 - -2 - (-8 - -13).
-6
What is 0 - -5 - (9 - (-11 - -9))?
-6
What is 0 + 0 + 1 - 4?
-3
2 + (3 - (2 - 0))
3
What is the value of (-3 - -2) + -10 + (-3 - -6)?
-8
What is (20 - 10) + 0 + -5?
5
Calculate 5 + -1 + -1 + -2 - -3.
4
What is 3 + (4 - (1 - -12))?
-6
What is 0 + 1 - (18 - -1 - 18)?
0
-2 - (1 - (-4 - -5) - 0)
-2
Evaluate 2 + (4 - (-1 - -5)) + 3.
5
What is 1 - 2 - (5 + -8) - 10?
-8
Evaluate 3 + -1 + -4 + 2 + 6.
6
0 + (-3 - -3 - 7) - -15
8
What is the value of -2 - (-1 - 8 - -2)?
5
Evaluate 2 + (-4 - (-15 - -5 - -5)).
3
Calculate 6 - -2 - (4 + 0).
4
4 - (0 - 0 - -2)
2
Evaluate 1 + -2 + -1 + (5 - 0).
3
Evaluate (-10 - 2) + -24 + 35.
-1
What is -2 + 2 - -3 - (-3 - -6)?
0
What is 1 + 0 + (-1 - 5 - -8)?
3
-1 - (-7 + (4 - 0))
2
(5 - 3) + 1 - 0
3
Calculate 4 + -4 + (-1 - -2) - 1.
0
What is the value of -6 + 7 + 1 + 0?
2
Calculate -2 + -2 - (2 + 5 + -5).
-6
Evaluate 0 + 2 + -6 + 2 + -3.
-5
Evaluate 1 - 20 - -3 - -9.
-7
6 + -3 - (4 - (-2 + 0))
-3
Calculate 1 - 0 - -3 - 8 - 0.
-4
Evaluate -1 + -6 + 4 - -6.
3
Evaluate (-5 - (-1 + -5 - -3)) + 2.
0
6 - 12 - -4 - -6
4
Evaluate 6 - (-1 - (-6 + -3)).
-2
What is 0 + (3 - 9 - -5)?
-1
What is -4 + -3 + 2 + -2 - -2?
-5
What is 0 + (5 - 0 - 8) + 8?
5
Evaluate -11 - (-3 + (-1 - 4)).
-3
Calculate -1 + 0 - (7 - 12 - -1).
3
What is the value of -9 - (1 - 0 - 7 - -3)?
-6
(-6 + 9 - 0) + -7
-4
What is the value of (2 - 1) + 18 + -14?
5
What is 8 + -1 + -12 + 1 + 1?
-3
What is the value of -2 + 7 + (-10 - (4 + -4))?
-5
What is the value of -8 - (8 + -12 + -3)?
-1
Evaluate 23 - 25 - ((-1 - 1) + 1).
-1
What is the value of (1 + 1 + -4 - -4) + 3?
5
Evaluate -14 - -10 - (1 - 5).
0
Evaluate -18 + (3 - -9) + -2 + 6.
-2
What is (4 - 2) + -3 + (0 - 3)?
-4
What is the value of -1 - 0 - ((-8 - -17) + -10)?
0
Calculate 2 + (-14 - 4) - -10.
-6
What is 0 + -7 + (7 - 3) + 4?
1
21 + -26 + (3 - (-9 - -4))
3
-3 + (7 - 11 - -12)
5
Evaluate 8 - 3 - 3 - (3 + 0).
-1
(1 - (3 + -7)) + -5
0
What is the value of -3 + -4 + 1 + 1 - -6?
1
-8 + (-5 - -8) + 13
8
Calculate 1 + 1 + (2 - (1 + -1)).
4
Evaluate (-10 - -13) + (-5 - 1).
-3
(8 - 6 - 9) + 8
1
What is -3 - 0 - (6 - 19 - -7)?
3
What is the value of 0 + (-53 - -52) + (-1 - -6)?
4
What is the value of 8 - 3 - (9 - (6 - 0))?
2
1 - 0 - (4 + -5)
2
What is 8 + (-7 - -1) + 7 + -1?
8
Calculate (7 - 3) + 1 + -1.
4
(0 + -9 - -3) + (-9 - -11)
-4
Evaluate -1 + (6 + 6 - 6).
5
Evaluate 0 - (16 + -13 + -9 + 1).
5
What is the value of -2 + 0 + -3 - -2?
-3
Evaluate -6 - (-3 - (5 - 4) - -4).
-6
Calculate -4 - (0 - (0 + 1)).
-3
Evaluate (-142 - -154) + (-1 - 7).
4
What is (1 - 2 - 3) + 6?
2
(0 - -9) + 13 + -22
0
What is the value of -1 + 2 - (-11 - -14)?
-2
What is 2 + -1 - (-1 + -3)?
5
-1 - (-3 - 5 - -11)
-4
(1 - 4) + 6 - 7
-4
What is 1 - -1 - (14 - 14)?
2
Evaluate -13 + 4 - (16 + -23).
-2
Evaluate -1 - -3 - (-3 + 7 + -2).
0
What is the value of 14 + -4 + 1 + -5 + 1?
7
7 + (-10 - -2) - 1
-2
What is the value of 0 + 2 - (1 + 0 + -2)?
3
Evaluate (-1 - (0 + -4 - -6)) + -3.
-6
Evaluate (7 - 3) + (2 - 7) + 3.
2
Evaluate 3 + 3 + (-17 - -7).
-4
Evaluate -36 + 34 - (-6 - (-2 - 0)).
2
What is the value of -19 + 3 + -3 + 11?
-8
-8 + 6 - 1 - -6
3
What is the value of -2 + (9 - 3) - -2?
6
What is the value of -4 - ((4 - 7) + -3) - 8?
-6
What is the value of -3 + 11 - (5 + 2)?
1
Calculate 3 - (5 - 8) - (1 - -2).
3
Evaluate 7 - (0 + 0 - (4 - 6)).
5
What is the value of 2 + (0 - -1 - 1) - 3?
-1
0 + -3 + (3 + 3 - 1)
2
Calculate -2 + (-1 - (-17 - (-4 + -3))).
7
What is the value of (4 - 8) + -3 + 8 - -4?
5
What is the value of -3 + -14 + 7 + 2?
-8
-2 + (2 - 2) - (-1 + -2)
1
Evaluate 23 - 24 - (2 + (-2 - -2)).
-3
2 - (6 - (-4 + 3 + 7))
2
Calculate 4 - 5 - (5 + -6 + 1).
-1
What is the value of 2 + 1 + -2 + -2 + -4?
-5
What is -2 + (0 - (7 - 4)) - -15?
10
What is the value of (26 + -30 - (1 - 7)) + -8?
-6
Calculate 11 + -5 + (